{"id":9,"date":"2016-03-03T08:53:21","date_gmt":"2016-03-03T07:53:21","guid":{"rendered":"https:\/\/www.brigitte-weidmann.de\/?page_id=9"},"modified":"2026-01-25T22:17:41","modified_gmt":"2026-01-25T21:17:41","slug":"about","status":"publish","type":"page","link":"https:\/\/www.brigitte-weidmann.de\/die-freude-am-augenblick\/in-umbau\/about\/","title":{"rendered":"The Artist"},"content":{"rendered":"<div class=\"standard_wrapper\">\n<div class=\"one_third\" style=\"padding: 45px 0 45px 0;\">\n<div class=\"page_content_wrapper\">\n<div class=\"inner\">\n<div class=\"image_classic_frame expand animate\">\n<div class=\"image_wrapper\"><img decoding=\"async\" loading=\"lazy\" class=\"alignleft wp-image-1602\" src=\"https:\/\/www.brigitte-weidmann.de\/wp-content\/uploads\/2020\/06\/BW_3-1024x990.jpg\" alt=\"\" width=\"389\" height=\"376\" \/><\/div>\n<\/div>\n<\/div>\n<\/div>\n<\/div>\n<\/div>\n<div class=\"standard_wrapper\">\n<div class=\"one_third withsmallpadding ppb_text\" style=\"padding: 30px 0 30px 0;\">\n<div class=\"standard_wrapper\">\n<div class=\"page_content_wrapper\">\n<div class=\"inner\">\n<div style=\"margin: auto; width: 100%;\">\n<p><strong>Aktuelle Arbeiten auf <a href=\"https:\/\/www.flickr.com\/photos\/200860692@N08\/albums\/\">flickr.com<\/a><\/strong><\/p>\n<p><em>&#8222;Brigitte Weidmann begann 1993 ihre berufliche Laufbahn als selbst\u00e4ndige\u00a0 K\u00fcnstlerin. Sie erkundete Acryl-Malerei, Fliesenmalerei und\u00a0 Skulptur, blieb aber der Fotografie treu. Im Zuge der digitalen\u00a0 Revolution qualifizierte sie sich f\u00fcr die digitale Bildbearbeitung\u00a0 und Screen Design, gestaltete Dutzende von Multimedia-CDs\u00a0 und Websites, f\u00fchrte den <\/em>Verlag Weidmann &amp; Biere Publishing<em>,\u00a0 <\/em>Buch und Neue Medien<em>,\u00a0\u00fcbernahm 2004 das Ausstellungsdesign f\u00fcr die multimediale Erlebnisausstellung <\/em>REX &#8211; Regensburg Experience<em> und arbeitet seit 2015 als Kamera- und Regieassistentin f\u00fcr das Crossmedia-Projekt <\/em>L\u00e4nger leben <em><strong>(<a href=\"http:\/\/www.livinglonger.eu\/\" target=\"_blank\" rel=\"noopener noreferrer\" data-saferedirecturl=\"https:\/\/www.google.com\/url?q=http:\/\/www.livinglonger.eu&amp;source=gmail&amp;ust=1592758996000000&amp;usg=AFQjCNHOE2-W6o3hMITAnQjyPIgtKNjj2g\">www.livinglonger.eu<\/a>).<\/strong><\/em><\/p>\n<p><em>PhotoArt ist der Schwerpunkt ihres k\u00fcnstlerischen Schaffens. So vielseitig ihre Erfahrungen und Interessen, so vielseitig sind\u00a0 auch ihre fotografischen Themen und Arbeitsmethoden. Dennoch l\u00e4sst sich bei genauerer Betrachtung eine besondere\u00a0 Handschrift erkennen:<\/em><\/p>\n<p><em>ihre Sensibilit\u00e4t f\u00fcr das Nahe und Verborgene,<\/em><br \/>\n<em>ihr sicheres Farb-Gef\u00fchl und<\/em><br \/>\n<em>ihr Blick f\u00fcr das Besondere und Fl\u00fcchtige,<\/em><br \/>\n<em>der so manches faszinierende Fundst\u00fcck erfasst.&#8220;<br \/>\n<\/em>[Dr. Julien Biere]<\/p>\n<p>&nbsp;<\/p>\n<\/div>\n<p><a href=\"http:\/\/kunstausstellungbayrischzell.de\"><img decoding=\"async\" loading=\"lazy\" class=\"alignleft size-medium wp-image-1252\" src=\"https:\/\/www.brigitte-weidmann.de\/wp-content\/uploads\/2017\/08\/KAB-2017-300x186.jpg\" alt=\"\" width=\"300\" height=\"186\" \/>Kunstaustellung Bayrischzell 2018<\/a><\/p>\n<p><img decoding=\"async\" loading=\"lazy\" class=\"alignleft size-medium wp-image-1394\" src=\"https:\/\/www.brigitte-weidmann.de\/wp-content\/uploads\/2020\/06\/Lagoa_Ausstellung-300x135.jpg\" alt=\"\" width=\"300\" height=\"135\" \/><\/p>\n<div style=\"margin: auto; width: 100%;\">\n<p>Blue Planet, Arte Algarve, Lagoa\/Portugal<\/p>\n<p><img decoding=\"async\" loading=\"lazy\" class=\"alignleft size-medium wp-image-1697\" src=\"https:\/\/www.brigitte-weidmann.de\/wp-content\/uploads\/2021\/02\/IMG-20201112-WA0001-225x300.jpg\" alt=\"\" width=\"225\" height=\"300\" \/><\/p>\n<\/div>\n<p>&nbsp;<\/p>\n<\/div>\n<\/div>\n<\/div>\n<\/div>\n<\/div>\n<div class=\"standard_wrapper\">\n<div class=\"one_third last withsmallpadding ppb_text\" style=\"padding: 30px 0 30px 0;\">\n<div class=\"standard_wrapper\">\n<div class=\"page_content_wrapper\">\n<div class=\"inner\">\n<div style=\"margin: auto; width: 100%;\">\n<p>&nbsp;<\/p>\n<p>&nbsp;<\/p>\n<p>&nbsp;<\/p>\n<p>&nbsp;<\/p>\n<p>&nbsp;<\/p>\n<p>2024 Book publication <strong>&#8222;Mit meinen Augen &#8211; With My Eyes&#8220;<\/strong>, <a href=\"https:\/\/www.amazon.com\/-\/de\/dp\/B0DK9VR3Y7\/ref=sr_1_1?dib=eyJ2IjoiMSJ9.dLzvc4MY-onBR9mivhpWNA.9SjAtOUKZWoJCgXKZrf652wIn-sr1YIjIPYR8hxqyHU&amp;dib_tag=se&amp;keywords=9798875419928&amp;qid=1729274133&amp;sr=8-1\">amazon<\/a> &amp;\u00a0<a href=\"https:\/\/www.blurb.de\/b\/12149971\">blurb bookstore<\/a>, Hardcover fineart photo book, ISBN 9798875419928<\/p>\n<p>2023 Participation at <strong>Kunstausstellung Bayrischzell<\/strong><\/p>\n<p>2023 Participation at <strong>Kunstverein Traunstein<\/strong>, Jahresausstellung<\/p>\n<p>2023 Participation at <strong>Leica Galerie Salzburg <\/strong>\u201eDer Moment macht das Bild\u201c \u2013 Part II<br \/>\n<a href=\"https:\/\/www.leica-galerie-salzburg.com\/event\/der-moment-macht-das-bild-partii\/\">https:\/\/www.leica-galerie-salzburg.com\/event\/der-moment-macht-das-bild-partii\/<\/a><\/p>\n<p>2020 Participation at <strong>Leica Galerie Salzburg <\/strong>\u201eDer Moment macht das Bild\u201c \u2013 Part I<br \/>\n<a href=\"https:\/\/www.leica-galerie-salzburg.com\/event\/der-moment-macht-das-bild\/\">https:\/\/www.leica-galerie-salzburg.com\/event\/der-moment-macht-das-bild\/<\/a><\/p>\n<p>2020 Participation at <strong>Kunstverein Traunstein<\/strong>, Fr\u00fchjahrsausstellung<br \/>\n&#8222;Bruchst\u00fcck&#8220;, <a href=\"https:\/\/kunstverein-traunstein-galerie.de\/ausstellungen\/fruehjahrsausstellung-2020\/\">https:\/\/kunstverein-traunstein-galerie.de\/ausstellungen\/fruehjahrsausstellung-2020\/<\/a><\/p>\n<p>2020 IndieFEST Film Festival, San Diego: <strong>Award of Excellence for Documentary Feature Film<\/strong> \u201e50 Ways to Look at Age\u201c;\u00a0TOKYO Lift-off Festival, <strong>Official Selection<\/strong><\/p>\n<p>2019 Participation at <strong>Kunstverein Traunstein<\/strong>, Fr\u00fchjahrsausstellung, &#8222;Salina&#8220;<\/p>\n<p>2018 Participation at <strong>Kunstausstellung Bayrischzell<\/strong>, Fotoprint 60 x 40 \u201eDie alte Frau und das Meer\u201c<\/p>\n<p>2018 Book publication <strong>&#8222;50 Blicke aufs Alter&#8220;<\/strong>,\u00a0 Hardcover ISBN 978-3752803693, Paperback 978-1724770806. <a href=\"https:\/\/www.amazon.de\/s?k=50+BlickE+aufs+ALTER&amp;__mk_de_DE=\u00c5M\u00c5\u017d\u00d5\u00d1&amp;crid=11H5KRMXLQCPI&amp;sprefix=50+blicke+aufs+alter%2Caps%2C87&amp;ref=nb_sb_noss\">amazon<\/a> &amp; <a href=\"https:\/\/buchshop.bod.de\/50-blicke-aufs-alter-julien-biere-9783752803693\">buchshop.bod.de<\/a><\/p>\n<p>2018 Participation at <strong>Kunstverein Traunstein<\/strong>, Fr\u00fchjahrsausstellung &#8222;blau-rot-gelb&#8220;<\/p>\n<p>2017 German Humanist Short Film Competition, Nuremberg: <strong>Special Award<\/strong> for \u201eIch habe mich schon immer gefragt, wof\u00fcr ich lebe\u201c<\/p>\n<p>2017 Participation at <strong>Kunstausstellung Bayrischzell<\/strong>, Fotoprint 100 x 70 \u201eDas Wasser, das Wasser\u201c<\/p>\n<p>2017 Participation at <strong>Kunstverein Traunstein<\/strong>, Fr\u00fchjahrsausstellung<br \/>\nVideo: &#8222;Ein Tag im Leben von Brigitte Weidmann&#8220;<\/p>\n<p>2015\/16 on-going: <strong>Art Direction, Media Space Design, Lighting<\/strong> Crossmedia Project \u201cLiving Longer\u201d,<br \/>\n<a href=\"http:\/\/livinglonger.eu\">https:\/\/livinglonger.eu<\/a><\/p>\n<p>2015 Participation at Arte Algarve <strong>Exhibition \u201cBlue Planet\u201d<\/strong>, Lagoa\/Portugal<\/p>\n<p>2015 Participation at <strong>Galeria Arte Algarve exhibition<\/strong>, Ferragudo\/Portugal<\/p>\n<p>2015 <strong>Training workshop in PhotoArt<\/strong> at <strong>Kunstakademie Bad Reichenhall<\/strong>, Sonja Braas, New York, https:\/\/<a href=\"https:\/\/www.sonjabraas.com\/\">sonjabraas.com<\/a><\/p>\n<p>2014 on-going <strong>PhotoArt Projects<\/strong>: \u201eEverybody\u2019s Shooting \u2013 Alle Welt fotografiert\u201c | \u201eFade out \u2013 Bad Reichenhall\u201c | \u201eAbandoned Places \u2013 Verlassene Orte\u201c | \u201eManMade \u2013 KunstStoffe\u201c | &#8230;<\/p>\n<p>2010 Training in <strong>Acrylic Painting\u00a0<\/strong> by Katja Barinsky, Regensburg <a href=\"https:\/\/www.katja-barinsky.de\">https:\/\/katja-barinsky.de<\/a><\/p>\n<p>2010 <strong>Training in Acrylic Painting\u00a0<\/strong> by Gisela Conrad<strong>\u00a0 <\/strong>at<strong> Summer Academy Eggenfelden<br \/>\n<\/strong><\/p>\n<p>2009 <strong>Training in Printing on Tiles<\/strong> byPatrick King, <a href=\"https:\/\/ceramics-online.ch\">https:\/\/ceramics-online.ch<\/a><\/p>\n<p>2009 <strong>Training in<\/strong> <strong>Wood Scuplture<\/strong> by Helmut Wolf, Regensburg, <a href=\"http:\/\/helmut-wolf.com\">http:\/\/helmut-wolf.com<\/a><\/p>\n<p>2004-08 <strong>Art Direction, Media Space Design<\/strong> for Multimedia Interactive Museum \u201eRegensburg Experience\u201c, <a href=\"https:\/\/rex.julienbiere.de\/service\/news-im-detail\/artikel\/1\/1\/index.html\">rex-regensburg.julienbiere.de<\/a><\/p>\n<p>1999 <strong>Training in Acrylic Painting <\/strong>by Kerstin Wagner, Portugal, <a href=\"https:\/\/kerstin-wagner-art.de\">https:\/\/kerstin-wagner-art.de<\/a><\/p>\n<p>1998 <strong>Training in Acrylic Painting <\/strong>by Brigitte von Humboldt, Atelier Azul, Lagos\/Portugal, <a href=\"https:\/\/atelierazul.net\">https:\/\/atelierazul.net<\/a><\/p>\n<p>1996 <strong>Training in Modern Art Tile Painting <\/strong>(\u201eazulejos\u201c) by Jerome Gay and Sylvain Bongard, Portugal<\/p>\n<p>1995 Creation of an <strong>international artists network<\/strong> \u201ealento\u201c in Southern Portugal<\/p>\n<p>1994 <strong>Art Direction<\/strong>, <strong>Multimedia CD-ROM Edition<\/strong> \u201ePlanet der Kinder\u201c, \u201eBodyArt Portfolio\u201c (Verlag Weidmann &amp; Biere Publishing)<\/p>\n<p>1993 <strong>Training in photography, digital imaging, Web screen-design and layout<\/strong> (AV-Akademie M\u00fcnchen gem.e.V.)<\/p>\n<hr \/>\n<p>Contact: saralento(a)googlemail.com<\/p>\n<\/div>\n<\/div>\n<\/div>\n<\/div>\n<\/div>\n<\/div>\n","protected":false},"excerpt":{"rendered":"<p>Aktuelle Arbeiten auf flickr.com &#8222;Brigitte Weidmann begann 1993 ihre berufliche Laufbahn als selbst\u00e4ndige\u00a0 K\u00fcnstlerin. Sie erkundete Acryl-Malerei, Fliesenmalerei und\u00a0 Skulptur, blieb aber der Fotografie treu. Im Zuge der digitalen\u00a0 Revolution qualifizierte sie sich f\u00fcr die digitale Bildbearbeitung\u00a0 und Screen Design, [&hellip;]<\/p>\n","protected":false},"author":3,"featured_media":0,"parent":17,"menu_order":0,"comment_status":"closed","ping_status":"closed","template":"","meta":[],"_links":{"self":[{"href":"https:\/\/www.brigitte-weidmann.de\/die-freude-am-augenblick\/wp-json\/wp\/v2\/pages\/9"}],"collection":[{"href":"https:\/\/www.brigitte-weidmann.de\/die-freude-am-augenblick\/wp-json\/wp\/v2\/pages"}],"about":[{"href":"https:\/\/www.brigitte-weidmann.de\/die-freude-am-augenblick\/wp-json\/wp\/v2\/types\/page"}],"author":[{"embeddable":true,"href":"https:\/\/www.brigitte-weidmann.de\/die-freude-am-augenblick\/wp-json\/wp\/v2\/users\/3"}],"replies":[{"embeddable":true,"href":"https:\/\/www.brigitte-weidmann.de\/die-freude-am-augenblick\/wp-json\/wp\/v2\/comments?post=9"}],"version-history":[{"count":14,"href":"https:\/\/www.brigitte-weidmann.de\/die-freude-am-augenblick\/wp-json\/wp\/v2\/pages\/9\/revisions"}],"predecessor-version":[{"id":2127,"href":"https:\/\/www.brigitte-weidmann.de\/die-freude-am-augenblick\/wp-json\/wp\/v2\/pages\/9\/revisions\/2127"}],"up":[{"embeddable":true,"href":"https:\/\/www.brigitte-weidmann.de\/die-freude-am-augenblick\/wp-json\/wp\/v2\/pages\/17"}],"wp:attachment":[{"href":"https:\/\/www.brigitte-weidmann.de\/die-freude-am-augenblick\/wp-json\/wp\/v2\/media?parent=9"}],"curies":[{"name":"wp","href":"https:\/\/api.w.org\/{rel}","templated":true}]}}